ousands digit of r(1)?
1
Suppose 25 + 58 = 2*o + 5*n, -44 = -o - 2*n. Let b = -149 + 120. Let t = o + b. What is the units digit of t?
5
Suppose 1604 = -29*u + 31*u + 4*s, 0 = -5*u - s + 4001. What is the hundreds digit of u?
8
Let l = 1931 - 1142. What is the hundreds digit of l?
7
Let l be 2 + 3/(-9)*-3. Suppose -5*s + l*s + 6 = 0. Suppose z - 2*z + 71 = -3*q, 0 = -3*z + s*q + 183. What is the tens digit of z?
5
Suppose -10*j + 24510 + 10450 = 0. What is the units digit of j?
6
What is the tens digit of -267*(5/(-30) - 17/6)?
0
Let w = -758 - -1176. What is the hundreds digit of w?
4
Suppose -2947 = 41*f - 46*f - 3*q, -2955 = -5*f + 5*q. What is the tens digit of f?
9
Suppose 19*n + 14*n - 17094 = 0. What is the units digit of n?
8
Let b be (-132)/10*(-3)/6*-15. Let k = -15 - b. What is the units digit of k?
4
What is the units digit of 24/32*-26*438/(-9)?
9
What is the hundreds digit of 12/15 + 1/5 - -616?
6
Let r = -309 + 721. Suppose 4*y - 2*y = o + 208, 4*y - 3*o = r. What is the hundreds digit of y?
1
Let b be (-1*18/15)/((-1)/20). Let t = b - -61. What is the units digit of t?
5
Suppose -5*w + 12 - 2 = 0. Let x(t) = 0 - 1 - t - 2*t**3 - t**2 + 3*t**w. What is the units digit of x(-2)?
5
Suppose -3*b = m + 6, b + 0*m - 3*m - 8 = 0. Let d(x) = 32*x**2 - 5*x - 4. What is the tens digit of d(b)?
3
Let l = -34 - -38. What is the units digit of (-41)/(-4) - 1/l?
0
Let f be (0 + 0)/(1/1). Let o(u) = 4*u**2 - 2*u - 21. Let i(r) = 9*r**2 - 4*r - 43. Let x(g) = 3*i(g) - 7*o(g). What is the units digit of x(f)?
8
Suppose -2*h + 4*h = -3*r + 21230, 4*h - 42452 = -2*r. What is the units digit of h/126 + ((-8)/(-9))/(-4)?
4
Suppose -22*v = -13*v + 3888. Let f = 651 + v. What is the tens digit of f?
1
Let s(u) = -u + 19. Let v be s(-5). Suppose j - 4*j + v = 0. What is the units digit of j?
8
Let a = 2268 + -893. What is the hundreds digit of a?
3
Let g(c) = -5*c**2 + 8*c + 7. Let x(w) = -9*w**2 + 15*w + 13. Let v(o) = -11*g(o) + 6*x(o). What is the units digit of v(-4)?
9
Let l = 3936 + -1678. What is the hundreds digit of l?
2
Let y(m) = -m**2 - 6*m - 4. Let j be y(-3). Suppose -2*u - 1 = -j. Suppose q + 10 = u*q. What is the units digit of q?
0
What is the tens digit of 4/(-22)*-2969 + 72/396?
4
Let v be ((-9)/(-5))/(33/220). Suppose v = -3*s + 2*s - p, -3*p - 47 = 4*s. Let i = s + 69. What is the units digit of i?
8
Suppose -4*q + 8 + 0 = 0, 0 = 5*c - 3*q - 4. Let l(g) = -3 - 9 + 1 + c - 8*g. What is the units digit of l(-5)?
1
Let x be -2 - 3/3*-142. Suppose 4*i - 2*v - 116 = 0, -4*v + x = -i + 5*i. What is the tens digit of i?
3
Suppose -5*n + 20 = 2*m, 3 = 4*n - n + 3*m. Suppose -r = -3*j + r + 261, 2*r - n = 0. What is the units digit of j?
9
Let y = -15 + 13. Let r be 5/y*(-56)/20. Let o = 0 + r. What is the units digit of o?
7
What is the tens digit of 2/(-10)*(-20)/8*734?
6
Suppose -6*f = -8390 + 1280. What is the hundreds digit of f?
1
Let b = -49 + 49. Suppose 0*t = -t + 3*p + 10, 2*t + 3*p - 2 = 0. Suppose b = -t*o + 91 + 77. What is the units digit of o?
2
Suppose -5*d = 1 - 86. Let i = d - -104. What is the hundreds digit of i?
1
What is the tens digit of (-2)/24 - (-12)/(1152/155432)?
1
Suppose 0 = -0*d - d - 238. Let h be d/(-35) - 3/(-15). Suppose -h*p - 85 = -12*p. What is the units digit of p?
7
Let d = -9 - 9. What is the tens digit of d/(-4)*(23 - 7)?
7
Suppose -2*b - 3*b - 10 = 0, 74 = 3*w - 4*b. Let f(t) = -4*t - 14 + 11 + w. What is the units digit of f(-5)?
9
Suppose 71*v - 172100 = 21*v. What is the thousands digit of v?
3
Suppose 8404 = -x + 12*x. What is the tens digit of x?
6
Let x = 4214 + -2008. What is the units digit of x?
6
Suppose -30*y = -9*y - 39606. What is the thousands digit of y?
1
Suppose 2*k - 2 = 224. Let j = k - 1. What is the tens digit of j?
1
Let w be 5/((-1128)/(-560) + -1 + -1). Suppose 0*c - 4*p + w = 5*c, 5*c = 4*p + 390. What is the tens digit of c?
7
Suppose -106 - 93 = -5*j - l, 3*j + 5*l - 137 = 0. What is the units digit of j?
9
Suppose 3*g - 3*l - 231 = -0*g, 0 = 5*g - 3*l - 389. What is the units digit of g?
9
Let y = 45 + 41. Let x = y - 58. What is the units digit of x?
8
Let f be (4 - 4)*(-2 - -1). Suppose -4*n + f*r = -r + 15, -4*n = -5*r + 11. What is the tens digit of n/6*(-141)/2?
4
Let k(d) = -d**3 + 18*d**2 + 21*d + 45. What is the hundreds digit of k(14)?
1
Let x(r) = -826*r + 15. What is the hundreds digit of x(-1)?
8
Let r(l) = 62*l**2 + 3*l + 3. What is the tens digit of r(-3)?
5
Let v(q) = q + q - 21 + 7*q. What is the tens digit of v(7)?
4
Suppose 0 = 8020*t - 8023*t + 4299. What is the thousands digit of t?
1
What is the hundreds digit of 1076/(-6)*(-27)/18?
2
Suppose 3*p + 102 = -3*t, -44 = -3*t + 4*t + 3*p. Let d(h) = 3*h + 21. Let u be d(8). Let n = u + t. What is the units digit of n?
6
Let p(y) = 5*y - 6*y - 3*y - 11*y**2 - y**3 - 26. What is the units digit of p(-12)?
6
Suppose 0 = -41*p + 40*p + 1404. What is the tens digit of p?
0
Let d be (-6)/15 - 7/((-175)/8685). Let c = d - 173. What is the tens digit of c?
7
Suppose -16*k = -8361 - 4295. What is the units digit of k?
1
Let z(a) = 18*a**2 + 7*a - 80. What is the tens digit of z(7)?
5
Let o(x) = x**3 + 15*x**2 + 24*x - 3. Let h be o(-10). Suppose -2*n = 4*g - 264, -2*n + 3*g = -0*n - h. What is the units digit of n?
0
Suppose 54*h = 74*h - 30960. What is the units digit of h?
8
What is the hundreds digit of (-88263)/(-45) - (-18)/(-45)?
9
Suppose 464 = -5*d - g, 4*d - 5*g - 82 + 430 = 0. Let h = -62 - d. What is the tens digit of h?
3
Let g(r) = 11*r**2 - 2*r - 1. Let t be g(-1). Suppose 3 = -p + 5*h - t, -5*h = 5*p - 15. Suppose -2*v - 3*v + 200 = p. What is the tens digit of v?
4
Let v = -1600 + 3381. What is the tens digit of v?
8
Let r(t) = 25*t**2 - 3*t + 1. Let q(y) = -y**2 - 9*y + 24. Let i be q(-11). Let m be r(i). Let s = -43 + m. What is the tens digit of s?
5
Let r(p) = -2*p + 5. Let g be r(4). What is the units digit of (-70)/(-4)*(g + 15)?
0
Suppose -1509*z = -1499*z - 17280. What is the hundreds digit of z?
7
Let m(s) be the third derivative of -s**5/60 - s**4/8 + 4*s**3/3 + 2*s**2. Let f be m(-7). What is the units digit of (-4)/10 - 228/f?
1
Let t = 707 - -1154. What is the hundreds digit of t?
8
Let b be (-1092)/54 + (-2)/(-9). Let m = 42 + b. What is the units digit of m?
2
Suppose 93*u - 99*u + 4512 = 0. What is the tens digit of u?
5
Suppose -3*n + 6 = 2*w + 4, -5*n + 5*w + 45 = 0. What is the units digit of (n/(-6))/((-11)/3531)?
4
Suppose -26*j - 3115 = -31*j. What is the units digit of j?
3
Let a(y) = -378*y + 9. What is the tens digit of a(-1)?
8
What is the hundreds digit of 1246 + -14*(-5)/(-10)?
2
Let u be 0/(8/(-12)*3). Suppose -5*r + a + 21 = u, -r + 6*a - a = -9. Suppose 150 = r*d + d - 2*o, -5*o - 109 = -3*d. What is the units digit of d?
8
Let s(h) = -h**2 - 6*h - 2. Let c be s(-7). Let v be c/2*26/(-39). What is the units digit of v/15 - 128/(-10)?
3
Let y = 7441 - 4925. What is the units digit of y?
6
Let a = 2695 + -2217. What is the hundreds digit of a?
4
Let o(d) = 3*d**2 + 6*d - 4. Let r be o(-3). Let t(g) be the first derivative of g**4/4 - 2*g**3 + 11*g**2/2 + 5*g + 12. What is the tens digit of t(r)?
3
Suppose 0 = 2*r - 5*r + 5*h - 163, h - 118 = 2*r. What is the tens digit of -8 + 5 - 1*r?
5
Let f(h) = h**3 + 14*h**2 + 12*h - 11. Let v be f(-13). Suppose 4*l - 41 - 203 = -v*p, -107 = -p + 3*l. What is the units digit of p?
6
Suppose -6 = 2*s + 3*f + 1, 4 = -s - 2*f. Let v be (s/4)/((-5)/30). Suppose 68 = v*j + q, -39 = -5*q - 14. What is the units digit of j?
1
Suppose 3*g - 2 = 10. Suppose 4*r + g*j = 396, -3*r = 4*j - 153 - 140. What is the units digit of r?
3
Let k(j) = 6*j**2 - 1. Let i be k(1). Let o = i - 5. Suppose -6*p + p + 70 = o. What is the units digit of p?
4
Let f be (7 + -3)*108 - 1. Suppose -2*g - 446 = -4*t, -f = -4*t - 2*g - g. What is the tens digit of t?
1
Let m(u) = -12*u**3 - u**2 + 13*u - 5. What is the tens digit of m(-4)?
9
Suppose j = 4*g - 7*g - 7, 0 = -j + 5*g + 17. Let b(r) = -r**2 - 17*r - 9. Let p be b(-5). Suppose -j*y + p = -y. What is the units digit of y?
1
Let h = -412 - -1257. What is the tens digit of h?
4
Let u = 3516 - 1684. What is the tens digit of u?
3
Suppose -d - 3 - 3 = 0. Let l(a) = a**2 + 7*a + 9. Let j be l(d). Suppose 